 - 4*n + 1. Suppose 2*a - 8 = -4*b + 12, -2*b - 14 = -5*a. Let v be (40/24)/((-1)/b). Determine u(v).
-4
Let q(p) be the second derivative of -p**5/20 + p**4/6 + p**3/6 + 2*p**2 - 27*p. Determine q(3).
-2
Let a(i) = 0*i - 103 + 99 + i + i**2. Give a(0).
-4
Let q(d) = d**3 + 0*d**3 - 19*d + 8*d**2 - 3 + 22*d - d**2. What is q(-6)?
15
Let w(u) be the third derivative of -u**7/1680 + u**6/120 - u**5/60 - u**2. Let s(f) be the third derivative of w(f). Let b = -155 - -159. Calculate s(b).
-6
Let o = 11 - 17. Let r(h) = -h**3 - 6*h**2 + h + 2. What is r(o)?
-4
Let o(s) = 2*s**2 + 4*s + 2. Let x(k) = 3*k + 1. Let p be x(-1). Let h be ((-21)/35)/(1/(-5)). Let q be -1 + h + p + -2. Calculate o(q).
2
Let i(p) = -p**3 + 4*p**2 - p + 4. Let z(q) = -2*q**3 + 5*q**2 + 4. Let c(o) = -3*i(o) + 2*z(o). What is c(-3)?
-4
Let n be (-2)/(((-12)/9)/(-4)). Let c = 9 + n. Let i(q) = -2*q**2 + 2*q + 3. What is i(c)?
-9
Let u(y) be the third derivative of -y**5/60 - y**4/8 + y**3 - 28*y**2. Calculate u(4).
-22
Let p(o) = 2*o**2 + o**2 + 69*o - 70*o. Let m(u) = -u**3 - 2*u**2 + 4*u + 2. Let q be m(-3). Determine p(q).
4
Let s(u) be the first derivative of 0*u + 2 - 1/2*u**2. Suppose 0 = 2*o - 9 + 9. What is s(o)?
0
Let w(r) be the first derivative of 3*r**4/2 + 4. Let q be w(-1). Let a(u) = -u - 1. Determine a(q).
5
Let d(f) = -f**2 + 2*f - 2 - 5*f + 0*f**2. Let u(t) = 2*t - 1. Let h be u(-1). Let a(k) = -k**2 - 2*k - 1. Let w(z) = h*d(z) + 2*a(z). Calculate w(-4).
0
Let y(n) be the first derivative of -n**2 + 6. Calculate y(-5).
10
Let c(h) = 5*h + 9. Let n(a) = a + 2. Let x(u) = 2*c(u) - 9*n(u). Suppose -3*f = 2*f. Suppose -2*o + 5*r - 7 = 0, 2*o - 5*o + r - 4 = f. Calculate x(o).
-1
Let v be (18/15)/(1/(-5)). Let h be (-21)/v*(1 + 1). Let k = h - 7. Let s(n) = n - 12. Give s(k).
-12
Suppose s = 3*s. Let z(r) be the second derivative of -r**4/12 - r**3/6 - 3*r**2/2 + 38*r. Calculate z(s).
-3
Let n(f) = -2*f**3 - f**2 + 1. Let i(q) = q**2 - 2*q - 3. Let v be i(3). Suppose -2*b + v + 2 = 0. Give n(b).
-2
Let d(t) be the third derivative of -t**4/24 + t**3/3 + t**2. Let q(f) = -2*f. Let x be q(-4). Let u = x - 5. Give d(u).
-1
Let b(w) = -2 - w + 4 + 2 - 3. Give b(3).
-2
Let u(t) = t**3 - t**2 - t - 7. Let m = 11 + -11. What is u(m)?
-7
Let x(y) = -y + 10. Let v be x(6). Let j(p) = -p**2 + 2*p - 6*p - 3*p**2 + 3*p**2 - v. Calculate j(-6).
-16
Suppose -d + 5 - 14 = 3*n, 0 = -3*d. Let c(o) = -o**2 - 8*o - 4. Give c(n).
11
Suppose -10*r = 4 - 64. Let c(u) = -4*u. Let g(y) = y. Let p(h) = c(h) + 3*g(h). Give p(r).
-6
Let x(s) be the second derivative of -4*s**2 + 1/12*s**4 - 3*s + 1/6*s**3 + 0. Give x(0).
-8
Let v(s) = -s**2 - 5*s + 9. Let m(k) = -2*k**2 - 10*k + 19. Let a(i) = 4*m(i) - 9*v(i). Suppose -4*f + 4*o - 32 = 0, -4*f + 6*f = -3*o - 1. What is a(f)?
-5
Let p = 4 - 1. Let x(s) = -s**2 - 2*s + 3*s - p + 8. Let n = -1 + 1. Give x(n).
5
Let a be (-2 - 0)/((-2)/3). Let n = 6 - 4. Let c(r) = 3*r - 2*r + 4 - n. Calculate c(a).
5
Let r be 2/(-4)*(1 + 1). Suppose -h - 8 = -3*h. Let l(s) = h*s - 1 + 6 - 4. Determine l(r).
-3
Let j(m) be the first derivative of m**2/2 - 13*m - 14. Give j(6).
-7
Let t(p) be the second derivative of -p**5/20 - p**3/6 - p**2 - 2*p. Let d(z) = 7*z**3 + 2*z**2 - 11*z**2 + 8 - 6*z**3 + 7*z. Let j be d(8). What is t(j)?
-2
Suppose 5*t = 25, -2*t + t + 9 = -2*x. Let p be (6/x + 3)/(-2). Let z(k) = -2 + p*k - 5*k + 1 - k**2. Calculate z(-2).
5
Let j be (-2)/3 - (-4)/6. Let b(i) = i**2 - 7 - 14*i**3 - 5*i**3 + 18*i**3. Give b(j).
-7
Suppose p = 3*p + 12. Suppose 3*r = 2*t - 7, 3*t - 8 = t + 4*r. Let c(d) = -8 - 5*d + 5*d**t + 2*d**3 + 4*d**3 - 5*d**3 - 3*d. Give c(p).
4
Suppose -8*h + 100 = -13*h. Let b be (-28)/70*h/(-2). Let u(p) be the second derivative of -p**3/6 + p**2/2 + p. Give u(b).
5
Suppose a - l + 4 = 0, -a = -0*l - 3*l + 6. Let y(v) = 4*v + 3. Calculate y(a).
-9
Let p be -3 + (4 - (1 + 5)). Let r(c) = c**3 + 6*c**2 + 4*c - 6. What is r(p)?
-1
Let q(p) = -p + 8 + 4*p + 0*p - 4*p. Calculate q(6).
2
Let m(j) be the third derivative of j**6/360 - j**5/40 - j**4/12 - 2*j**3/3 - 4*j**2. Let z(x) be the first derivative of m(x). Calculate z(4).
2
Let r = 3 + -4. Let y be -2 - (0 + -3 + r). Let p(d) = 2*d**2 - 3*d + 2. Calculate p(y).
4
Let i(r) = r**2 - r + 4. Let s = -17 + 14. Let w = -3 + 6. Let d = w + s. What is i(d)?
4
Let n(g) = 6*g**2. Let x(z) = 4*z + 7. Let i be x(-2). Give n(i).
6
Let b(d) = -7*d**2 - 6*d - 9. Let g(w) = -w**2 - w - 1. Let v(t) = -b(t) + 4*g(t). Let u(c) = 2*c**2 + 2*c + 6. Let o(f) = 4*u(f) - 5*v(f). Give o(-1).
-6
Let p(z) be the third derivative of -z**5/60 - z**4/24 + z**3/2 - 9*z**2. Let l(d) = d**3 - 3*d**2 + 2*d. Let c be l(2). Calculate p(c).
3
Let p(w) = 4*w**3 + w**2 + w + 1. Suppose -2*u + 0*u + 3*n - 17 = 0, -2*n = 3*u - 7. Let q be ((4 - 3) + 0)*u. What is p(q)?
-3
Let i(p) = 10 - 4*p + p**2 + 6*p + 7*p. Determine i(-7).
-4
Let l(u) = -u + 2. Suppose c = -4*g + 21 - 6, 4*g + 5*c = 27. Suppose -g*q = 24 - 3. Let h = q + 7. Determine l(h).
2
Let s(m) = -6480*m**2 + m + 4 - 6 + 6481*m**2. Let w be (-2)/(-3) + 4/(-6). Suppose w = -2*l + 3*f - 8, 0*f = -2*f + 8. Calculate s(l).
4
Let g(s) = 5*s**2 + 2*s + 1. Let h = 4 + -5. Let m be g(h). Let c(b) be the second derivative of -b**5/20 + b**4/4 + b**3/6 + 2*b**2 - b. Determine c(m).
-8
Let s(u) = -u**2 + 5*u + 3. Let p(x) = -x**2 - 4 - 3 - 11*x - 3. Let w be p(-9). Let t be 17/4 - 2/w. Give s(t).
7
Suppose 5*u + 0 = -4*r + 12, 0 = -2*r + 5*u + 6. Let g(t) = 0 + 1 - 2*t**3 + 3*t + 5*t**2 + r*t**3. Let v be (1 - -2)*(-4)/3. What is g(v)?
5
Suppose -27 = j - 4*j. Suppose -4*d + j = -7. Let z(h) = 3 - h + 5*h - d. Calculate z(2).
7
Suppose 15 = -4*i + 3. Let l(n) = -2 - n**2 - 5*n + 3*n**2 - 3*n**2. Calculate l(i).
4
Let z(f) = -4*f**2 + 3*f + 2. Let k be z(-1). Let v(b) = -b - 3. Determine v(k).
2
Let r(w) = -1 - 5 + 2*w + 5. Suppose -4 - 3 = -s. Let o = s - 3. What is r(o)?
7
Let t(g) = 89 - 42 - 42 + g. Give t(-5).
0
Let x(v) = v**3 + 3*v**2 - 4*v - 5. Let w be 2/(-9) - 2/(-9). Suppose w*m + m + 4 = 0. Give x(m).
-5
Let c(y) = 6*y**2 + y. Let f(l) = 7*l**2 + l. Let z(a) = -3*c(a) + 2*f(a). What is z(1)?
-5
Let p(a) = -5*a**2 + 5 - 2 + a**3 - 9. Let v = 12 - 8. Suppose v*f = 3*i + 20, 5*f - 3*i - 25 = i. Give p(f).
-6
Let l(h) = -4*h**3 - h**2 + 1. Suppose -3*k = -k - 3*v + 1, -k - 1 = -2*v. What is l(k)?
-4
Let a be 9/(-2) - 27/(-18) - -3. Let r(q) be the second derivative of a - 1/3*q**3 - q + 2*q**2. Determine r(5).
-6
Suppose 5*p + 3*r - 3 = 0, -5*p + 0*p + 5*r = -35. Let m(c) = 5 + 9*c + 2 - 4*c + 0. Let s(j) = -2*j - 3. Let u(z) = p*m(z) + 7*s(z). What is u(0)?
0
Let t(u) = -8*u - 3. Let v(d) = 6*d - 8*d - 13*d - 5. Let j(o) = 7*t(o) - 4*v(o). Calculate j(-1).
-5
Let l(n) be the third derivative of 1/24*n**4 - 3*n**2 + 0*n**3 + 0 + 0*n. What is l(-5)?
-5
Let m(d) be the third derivative of d**6/120 + d**5/30 - d**4/12 - d**3/3 + 3*d**2. Give m(-2).
2
Let x(n) = 4*n**2 + 2*n - 1. Let s be 2 - (0 - -5) - (-2 + -2). What is x(s)?
5
Let l(n) = -n**3 - 8*n**2 + 11*n + 11. Let t be -9*((-10)/(-5))/2. Give l(t).
-7
Let u(f) = 16*f**3 + f**2 - f - 1. Let r be ((-2)/4)/((-6)/24). Suppose -r*g - 3 = g. Determine u(g).
-15
Let k(f) = -2*f. Let z = 34 - 28. What is k(z)?
-12
Suppose -3*v + 2*v = 0. Let j be v/(-1) + 3*1. Let i(t) = -t**3 + 3*t**2 + 2*t + 2. Calculate i(j).
8
Let q(y) be the second derivative of y**6/120 - y**5/60 + y**3 - 5*y**2/2 + 4*y. Let a(f) be the first derivative of q(f). Calculate a(0).
6
Let b(y) = 2*y**3 + y**2 + 11*y - 3. Let q(f) = f**3 + f**2 + 5*f - 1. Let l(c) = 2*b(c) - 5*q(c). Calculate l(-2).
1
Let u be (-36)/(-21) - (-2)/7. Let p(t) = t**u + 0*t**2 - 2*t - 2 - 3*t**2 + 4*t**2. Calculate p(-2).
10
Let m(h) = -h**3 - h**2 + h - 1. Let o(p) = p**3 + 6*p**2 - 4*p + 4. Let s(v) = -2*m(v) - o(v). Suppose d - 5*d + 48 = 0. Let x be 32/d*3/2. What is s(x)?
6
Let m(v) = 7*v - 3. Let o(z) = 3*z - 1. Let h(w) = -2*m(w) + 5*o(w). Let y be (-6)/2 + -12 + 5. Let x = y - -6. Calculate h(x).
-3
Let i(r) = r**2 + 4*r + 3. Let b(g) = -g**3 - 4*g**2 - 4. Let z(l) = -3 - 2*l**2 - 3*l + 1 + 6*l. Let o be z(2). Let c be b(o). Determine i(c).
3
Let k(d) = -d**3 - d**2 - d - 1. Let v(b) = -6*b**3 - 11*b**2 - 8*b - 7. Let x(u) = -5*k(u) + v(u). What is x